pose -5*m = 4*x - 36, -4*x + 7*x - 16 = -m. Suppose 8 = -m*b + 28. Suppose -3*r + 4*z - 8 = 5, b*z + 10 = 0. Let k(n) = -n**2 - 8*n + 7. Determine k(r).
14
Let v(x) be the second derivative of -x**5/20 - 5*x**4/12 + x**3/2 + 31*x**2/2 + 3757*x. Determine v(-3).
4
Let a(y) = -3 - 6 - 58010*y + 58009*y. What is a(-3)?
-6
Let d be 140/(-12)*(-4 + 1). Suppose -7*u = -2*u + d. Let k(y) = 56*y - 20*y - 21*y - 16*y - 5. Calculate k(u).
2
Let u(n) = -5*n**3 - 10*n**2 - 5*n - 79. Let z(q) = 6*q**3 + 6*q**2 + 6*q + 87. Let k(s) = 7*u(s) + 6*z(s). Calculate k(34).
3
Let z(r) = 49 - r - 6*r + 47 - 97. Let b = -141 - -136. Calculate z(b).
34
Suppose 2*i = 5*u + 2, -i + 22 = -4*i - 5*u. Let j(n) = n + 6. Let x be j(i). Let o(h) = -h**x + 2*h + 1 + 0*h - 4*h - h. Calculate o(-5).
-9
Let b(k) be the third derivative of -k**6/120 + k**5/5 - k**4/24 + 5*k**3/3 + 420*k**2. Determine b(12).
-2
Let a(d) = d**3 + 5*d**2 - 6*d + 9. Let y(o) = -2*o**3 - 11*o**2 + 13*o - 19. Let k = 114 - 120. Let b(l) = k*y(l) - 13*a(l). Determine b(0).
-3
Let r(h) be the first derivative of 3*h**3 - 23*h**2 + h - 13322. Give r(5).
-4
Let l(k) = -2*k**2 + 27*k - 33. Let n(x) = -2*x**2 + 27*x - 30. Let c(p) = 3*l(p) - 2*n(p). Give c(12).
-3
Let z(v) = 1993*v**3 + 1987*v**3 - 3 - 2*v**2 - 3981*v**3. Let j(s) = s - 2. Let i(y) = -y + 2. Let w(q) = 5*i(q) + 4*j(q). Let f be w(5). Calculate z(f).
6
Suppose 3*v + 2 + 13 = 0, -2*l + 2 = -4*v. Let k(x) = -x - 7. Give k(l).
2
Let y(x) = x**3 + 4*x**2 + 2*x + 6. Let r(f) = 2*f**3 - f**2 + 2*f - 1. Let h be r(1). Suppose -h*d - 24 = 4*g, 4*g + 21 = -5*d - 15. Calculate y(d).
-2
Let w = -3 + 9. Let a(h) be the first derivative of -4*h**2 + 2*h**2 - 2 - 21 + 0*h**2 + 9*h. Determine a(w).
-15
Let x(c) be the third derivative of c**4/24 - 7*c**3/3 - 3*c**2 + 263*c. What is x(4)?
-10
Let o(i) = 17*i**2 + 7*i + 5. Let r be (-165)/25 + (-38)/95. Let m(b) = -20*b**2 - 8*b - 6. Let p(f) = r*o(f) - 6*m(f). Suppose -3*u = -0*u. Determine p(u).
1
Let w(p) = -p**2 - 7*p - 7. Suppose -4*k + 3*k = -8. Let y = 1 - k. What is w(y)?
-7
Let n(y) = -y**3 - 64*y**2 + 38*y - 1724. Let b be n(-65). Let w(d) = d**2 - 31*d + 29. What is w(b)?
29
Let q(y) be the second derivative of y**3/6 - 13*y**2/2 - y - 391. Give q(4).
-9
Let y(r) be the second derivative of -r**4/12 - r**3 - 3*r**2 + 534*r. Let j(m) = -m**2 + 7*m + 10 + 0*m + 0*m**2 + 3. Let x be j(9). What is y(x)?
-1
Let b(t) = 8*t - 5. Let o(k) be the third derivative of 7*k**4/24 - 4*k**3/3 - 30*k**2. Let g(c) = -3*b(c) + 4*o(c). What is g(12)?
31
Let x = -32 + 127. Suppose -4*m - x = m. Let l be -1*7 + m + 22. Let r(w) = -2*w - 6. Calculate r(l).
2
Let r = -3401 - -3405. Let b(c) = -3 - 2 + c**2 - 4*c + 4 - 3. Calculate b(r).
-4
Let a(w) = w**2 - 5*w. Suppose 4*x + 4 = -7*l + 2*l, -3*x - 3 = 0. Let k(z) = -z**2 - 7*z + 7. Let v be k(l). Calculate a(v).
14
Let x(n) = n**3 - 3*n**2 - 6*n + 3. Suppose -10 = 22*r - 32*r. Suppose i - 2*a - r = -7, i + 5*a = 29. Give x(i).
-5
Let j be (-2009)/(-5 - 2) + -4. Let a(u) = 293*u + j*u - 2 - 584*u. Calculate a(3).
-26
Let w(r) = 3*r - 3. Let j(x) = 3*x**2 + x - 2. Let f(a) = a**2 + 2*a + 2. Let i(u) = 2*f(u) - j(u). Let k be i(4). What is w(k)?
3
Let a(y) = -98*y + 5695. Let w be a(58). Let p(s) = s**2 - 6*s + 0*s**2 - 9 - 4*s. Calculate p(w).
2
Suppose -3*h = 9 + 6. Let j(t) = -t - 2. Let z be j(-4). Let x(u) = -2*u**z - 2*u**2 - 3*u - u**2 + 1 - u**3. Calculate x(h).
16
Let p(s) = -s**2 - 3. Let o(u) = -u**3 - 17*u**2 - 36*u - 9. Let t(l) = -o(l) + 2*p(l). Give t(-12).
3
Let m(l) = l**2 + 10*l - 4. Let i be 0/(21/14*-2). Suppose i = -30*z + 46*z + 144. Give m(z).
-13
Suppose 12*y - 2*g = 14*y + 28, 58 = -5*y - g. Let h(l) = 4*l + 18. Determine h(y).
-26
Let w(o) = -o + 1. Let n(f) = f**2 - 10*f + 4. Let v(y) = -n(y) + 5*w(y). Determine v(8).
-23
Let o(h) = -17*h**3 + 9*h**2 + 9*h - 8. Let v(i) = -31*i**3 + 16*i**2 + 17*i - 15. Let n(y) = 11*o(y) - 6*v(y). Suppose -81 + 87 = 3*f. Give n(f).
0
Suppose -7*a + 16*a - 63 = 0. Let t(d) be the first derivative of -d**3/3 + 3*d**2 - 2*d - 25. Give t(a).
-9
Suppose -j = -0*j - 3. Let r(q) = 46*q + 1060. Let h be r(-23). Let y(m) = -j*m**2 - 3*m + 2*m - 1 + 6*m**2 - h*m**2. What is y(-1)?
1
Let t(n) = -n**2 + 3*n + 14. Suppose 0 = -6*b + 16*b - 8*b. Determine t(b).
14
Let u(y) be the second derivative of -y**3/3 + 7*y**2/2 - 196*y + 3. Calculate u(5).
-3
Suppose -23*d + 328 = 29. Let o(c) = -191*c + 198*c + 6 - c**3 - 7*c**2 - d. Determine o(-8).
1
Let t(p) = -90*p**2 + p - 1. Let a(g) = -3*g**2 + 73*g + 51. Let o be a(25). What is t(o)?
-90
Let h(j) = -j**3 - 5*j**2 + 2*j + 4. Let b(y) = -y**2 + 10*y + 3. Let a be b(10). Let k = 0 + a. Let m be (-1*25/10)/(k/6). Calculate h(m).
-6
Let z(g) = 11*g**2 + 2*g - 49*g**2 + 16*g**2 + 23*g**2 - 3 - 4*g. Calculate z(6).
21
Let h(j) = 9*j**2 - 17*j + 17. Let q(g) = -49*g**2 + 92*g - 88. Let l(a) = 11*h(a) + 2*q(a). Give l(14).
165
Let t be 39/6 - (1/2)/1. Let k(j) = 2*j**3 - 14*j**2 + 12*j + 8. Let c(z) = -z**3 + 6 - 2*z + 7*z**2 - 3 - 4*z - 7. Let s(a) = -5*c(a) - 3*k(a). Calculate s(t).
-4
Let g(t) = t - 8. Let f(u) = u**2 - 2*u + 118. Let c be f(0). Let p = -106 + c. Suppose 5*x - p = -42. Calculate g(x).
-14
Let x(o) = 11*o**3 + 11*o**3 + 370*o**2 - 369*o**2 + 3*o**3. What is x(-1)?
-24
Let g(s) be the first derivative of -s**2/2 - 3*s + 1420. Give g(1).
-4
Let z(j) be the third derivative of 1/3*j**3 + 112*j**2 + 0*j + 0 - 1/4*j**4. Let i(g) = -g + 7. Let c be i(5). Calculate z(c).
-10
Suppose 0 = -636*j + 511*j - 375. Let n(y) = -y**3 - 4*y**2 - 6*y + 3. Give n(j).
12
Let c be 36/(-30) - ((-252)/35 + -1). Let z(f) = -11*f + 26. Give z(c).
-51
Let t(b) = -20*b**2 + 4*b + 3. Suppose 5*z - 17 + 8 = -s, -3 = 5*s + z. Give t(s).
-21
Let l(y) = -y**3 + 5*y**2 - 5*y + 1. Let d(c) = 5*c**2 + 24*c - 1. Let s = -122 - -136. Suppose 0 = -6*o - s - 16. Let p be d(o). What is l(p)?
-3
Let o(f) = f**3 - 4*f**2 + 3*f + 6. Suppose 5*v - 12 = t, 0 = -84*t + 83*t + 3. Give o(v).
6
Let z = -174 + 174. Suppose z = -24*v + 29*v + 70. Let c(b) = -b. Calculate c(v).
14
Let m(s) be the first derivative of -46 + 4*s + 1/2*s**2. Calculate m(-8).
-4
Let s(y) = 458*y - 353*y - 6*y**3 + 3 - 100*y + 5*y**3 + 3*y**2. Suppose d - 12 = -2*d. Determine s(d).
7
Let t(p) = 1 + 3*p**2 + 10*p + 15*p - 20*p - 6*p**2 - 6*p. Calculate t(1).
-3
Let f(k) be the first derivative of -7*k**3/3 + 6*k**2 - 10*k + 254. Let a(o) = -3*o**2 - 2. Let i(q) = 2*a(q) - f(q). Determine i(8).
-26
Let l be (-10160)/30 - (-12)/(-9). Let y = l + 341. Let t(x) = 14*x**2 - 1. What is t(y)?
13
Let r(i) be the second derivative of -i**5/20 - 5*i**4/12 + 5*i**3/6 + i**2/2 - 2441*i. Determine r(-6).
7
Let f(p) = -6*p - 2. Suppose 0 = 5*d + 4*t + 6, 4*t + 24 = 5*d - d. Suppose -3*l = 5*u - 11, l = -d*u + u + 3. Let s be 5/l + 2/(-4). What is f(s)?
-14
Let i be (-1140)/(-133)*(-70)/30. Let t(w) = -w**2 - 14*w + 110. What is t(i)?
-10
Let x(p) = p**3 - 15*p**2 - 3*p + 3. Let z be x(15). Let l = -39 - z. Suppose -58 + 79 = l*t. Let g(b) = -b - 7. Calculate g(t).
-14
Let n(g) = g**2 - 7*g - 1. Let d(v) = 3*v**2 - 21*v - 2. Let y(h) = 4*d(h) - 11*n(h). Suppose 42 - 28 = 2*k. Suppose -r = -k + 2. What is y(r)?
-7
Suppose 0 = -3*t - 5*o + 6, -4*o = -5*t + 18 - 8. Let x(m) be the third derivative of 1/6*m**3 + 1/24*m**4 + 39*m**t + 0*m + 0. What is x(-1)?
0
Suppose -5*d + 2*d - x = 13, -21 = d - 3*x. Suppose 3*g + 34 = y + 9, 5*g = y - 39. Let o = d - g. Let p(t) = -15*t - 1. Determine p(o).
-16
Let k be ((-70)/(-21))/(2/(-3)). Let n(z) = 5*z - 5. Let o(g) = -8 - 10*g + 9 + 9*g. Let r(b) = 2*n(b) + 9*o(b). Calculate r(k).
-6
Let n(q) = -53*q - 71. Let i(m) = -15*m - 21. Let w(a) = -7*i(a) + 2*n(a). What is w(21)?
-16
Let f(v) be the third derivative of v**5/60 - v**4/6 - 2*v**3/3 - 10*v**2. Let g be f(5). Let b be (4 + g)*(-18)/15. Let z(r) = r**2 + 7*r + 8. Determine z(b).
2
Let n(w) = -w - 1. Let z be (64/10)/(34/85). Suppose 8 + z = -4*f. What is n(f)?
5
Let o(i) = i**3 + 2*i**2 + 2*i + 7. Let d be o(-2). Let w be (1 - d)*(5 - (-68)/(-8)). Let h(g) = g**2 - 6*g. Give h(w).
7
Let v(x) = 3*x + 8. Let m(a) = -9*a - 7 + 2*a + 2*a. Let c(q) = -2*m(q) - 3*v(q). Calculate c(7).
-3
Suppose -3*a + 5*b + 16077 = 0, -3*a + b = -4*a + 5359. Let l(m) = -a - m + 